
5, 11, 17, 137, 1871
What are the prime factors of 95072210?
2, 5, 619, 15359
What are the prime factors of 274453128?
2, 3, 761, 5009
What are the prime factors of 754709162?
2, 137, 317, 8689
List the prime factors of 58746186.
2, 3, 17, 23, 491
List the prime factors of 203358159.
3, 19, 62591
List the prime factors of 58544138.
2, 37, 791137
What are the prime factors of 183084718?
2, 71, 1289329
What are the prime factors of 2861526731?
7, 408789533
List the prime factors of 52204706.
2, 37, 397, 1777
What are the prime factors of 74828933?
59, 1268287
List the prime factors of 164655675.
3, 5, 731803
What are the prime factors of 206534695?
5, 233, 177283
What are the prime factors of 704701109?
7, 67, 113, 13297
List the prime factors of 81280832.
2, 1270013
List the prime factors of 4591113095.
5, 8039, 114221
What are the prime factors of 4922314428?
2, 3, 410192869
List the prime factors of 206030972.
2, 7, 2011, 3659
List the prime factors of 74225919.
3, 709, 34897
List the prime factors of 57955212.
2, 3, 7, 229981
What are the prime factors of 319061478?
2, 3, 173, 307381
What are the prime factors of 160865120?
2, 5, 13, 77339
What are the prime factors of 86048460?
2, 3, 5, 159349
What are the prime factors of 77769081?
3, 13, 664693
What are the prime factors of 2331589650?
2, 3, 5, 13, 449, 2663
List the prime factors of 529429318.
2, 11, 23, 293, 3571
What are the prime factors of 462893969?
17, 29, 32377
What are the prime factors of 97969905?
3, 5, 11, 21991
List the prime factors of 191688956.
2, 29, 1652491
What are the prime factors of 7269941773?
41, 1723, 102911
List the prime factors of 279986160.
2, 3, 5, 1166609
List the prime factors of 1252258603.
607, 2063029
List the prime factors of 133496115.
3, 5, 109, 81649
List the prime factors of 29584127.
37, 97, 8243
List the prime factors of 292339545.
3, 5, 23, 847361
What are the prime factors of 806527419?
3, 1583, 169831
What are the prime factors of 748577507?
17, 47, 233, 4021
List the prime factors of 35020190.
2, 5, 83, 42193
List the prime factors of 112220557.
53, 2117369
List the prime factors of 12173665.
5, 7, 109, 3191
What are the prime factors of 610121404?
2, 3137, 48623
What are the prime factors of 392465220?
2, 3, 5, 7, 934441
List the prime factors of 703015350.
2, 3, 5, 811, 5779
List the prime factors of 2560837372.
2, 71, 73, 149, 829
List the prime factors of 153701044.
2, 7, 29, 3863
What are the prime factors of 124200845?
5, 24840169
What are the prime factors of 1272172964?
2, 23, 131, 105557
List the prime factors of 20383578.
2, 3, 17, 29, 2297
List the prime factors of 2950948857.
3, 79, 12451261
List the prime factors of 186722799.
3, 62240933
List the prime factors of 111322752.
2, 3, 131, 2213
What are the prime factors of 57637976?
2, 11, 103, 6359
List the prime factors of 49602360.
2, 3, 5, 413353
List the prime factors of 90803654.
2, 347, 130841
List the prime factors of 82287612.
2, 3, 11, 207797
List the prime factors of 313128585.
3, 5, 7, 11, 3347
What are the prime factors of 1839012613?
1839012613
What are the prime factors of 1974401457?
3, 7, 61, 1541297
List the prime factors of 772500790.
2, 5, 719, 107441
What are the prime factors of 774112203?
3, 181, 475207
What are the prime factors of 1613734987?
10513, 153499
List the prime factors of 51766946.
2, 7, 11, 30559
List the prime factors of 109794250.
2, 5, 31, 457
List the prime factors of 17472542.
2, 167, 52313
What are the prime factors of 2060842630?
2, 5, 7, 11, 2676419
List the prime factors of 72457984.
2, 349, 811
List the prime factors of 6437755154.
2, 23, 503, 278233
List the prime factors of 391367296.
2, 29, 59, 1787
What are the prime factors of 176664365?
5, 35332873
What are the prime factors of 616081381?
23, 53, 505399
What are the prime factors of 61752317?
11, 449, 12503
List the prime factors of 433285250.
2, 5, 1733141
List the prime factors of 822905522.
2, 103, 3994687
List the prime factors of 119253458.
2, 151, 394879
List the prime factors of 441075675.
3, 5, 5881009
List the prime factors of 681707997.
3, 75745333
List the prime factors of 47463703.
7, 968647
List the prime factors of 320255979.
3, 17, 23, 37, 47, 157
What are the prime factors of 347759574?
2, 3, 1613, 35933
List the prime factors of 204949383.
3, 68316461
List the prime factors of 3173160760.
2, 5, 7, 11, 1030247
List the prime factors of 8392672.
2, 262271
List the prime factors of 26153354.
2, 13076677
What are the prime factors of 183416586?
2, 3, 43, 710917
What are the prime factors of 266159672?
2, 1013, 32843
What are the prime factors of 1588223822?
2, 794111911
List the prime factors of 721843230.
2, 3, 5, 24061441
List the prime factors of 209193654.
2, 3, 34865609
What are the prime factors of 1353512279?
7, 127, 1522511
List the prime factors of 4484233967.
4484233967
List the prime factors of 383780749.
11, 34889159
List the prime factors of 6008823064.
2, 103, 331, 22031
List the prime factors of 793904515.
5, 1277, 124339
List the prime factors of 177295244.
2, 7, 17, 173, 2153
What are the prime factors of 78113097?
3, 101, 85933
What are the prime factors of 79820541?
3, 8868949
List the prime factors of 232901559.
3, 11, 79, 97, 307
What are the prime factors of 5984380?
2, 5, 37, 8087
What are the prime factors of 3205611?
3, 61, 5839
What are the prime factors of 13061814?
2, 3, 17, 37, 3461
List the prime factors of 350674456.
2, 11, 37, 9791
What are the prime factors of 413871387?
3, 137957129
What are the prime factors of 100117961?
197, 508213
What are the prime factors of 88600817?
1381, 64157
What are the prime factors of 243591381?
3, 11, 19, 14389
What are the prime factors of 76865679?
3, 11, 86269
List the prime factors of 696318845.
5, 2333, 59693
List the prime factors of 757628040.
2, 3, 5, 13, 19, 25561
List the prime factors of 15449789.
15449789
What are the prime factors of 1877517236?
2, 7, 281, 238627
What are the prime factors of 1176585225?
3, 5, 15687803
List the prime factors of 162636627.
3, 41, 59, 73, 307
List the prime factors of 868050876.
2, 3, 7, 11, 134207
List the prime factors of 9521777.
47, 202591
List the prime factors of 45437058.
2, 3, 841427
List the prime factors of 560035923.
3, 186678641
What are the prime factors of 1037723216?
2, 61, 1063241
List the prime factors of 559162093.
7, 37, 491, 4397
List the prime factors of 225666879.
3, 557, 135049
List the prime factors of 90685084.
2, 7, 157, 421
What are the prime factors of 28986647?
19, 23, 113, 587
List the prime factors of 29535683.
29535683
List the prime factors of 4586668313.
107, 42866059
What are the prime factors of 115939144?
2, 41, 353473
What are the prime factors of 74781665?
5, 7, 97, 22027
List the prime factors of 3265775924.
2, 71, 367, 31333
What are the prime factors of 500432263?
500432263
List the prime factors of 15550068.
2, 3, 1295839
What are the prime factors of 25767888?
2, 3, 71, 7561
List the prime factors of 163317952.
2, 7, 107, 3407
What are the prime factors of 422388481?
797, 529973
List the prime factors of 139779080.
2, 5, 7, 499211
What are the prime factors of 154864270?
2, 5, 11, 131, 977
What are the prime factors of 19812866?
2, 1973, 5021
What are the prime factors of 14008569?
3, 4669523
List the prime factors of 1975847819.
11, 179622529
What are the prime factors of 112085824?
2, 613, 2857
List the prime factors of 1466217350.
2, 5, 13, 61, 36979
What are the prime factors of 5532110?
2, 5, 553211
List the prime factors of 1283400424.
2, 47, 3413299
List the prime factors of 203563476.
2, 3, 83, 22709
List the prime factors of 140819845.
5, 28163969
List the prime factors of 560293930.
2, 5, 7, 163351
What are the prime factors of 1155118403?
2269, 509087
What are the prime factors of 2175786918?
2, 3, 61, 163, 12157
What are the prime factors of 43880387?
43880387
List the prime factors of 78907999.
17, 4641647
List the prime factors of 2915189158.
2, 7, 331, 439, 1433
What are the prime factors of 473315462?
2, 17, 13921043
List the prime factors of 99787483.
37, 2696959
What are the prime factors of 650591453?
650591453
List the prime factors of 13757883.
3, 71, 64591
What are the prime factors of 3501